{"id":265,"date":"2018-01-03T19:33:27","date_gmt":"2018-01-03T18:33:27","guid":{"rendered":"http:\/\/www.feiner-wuthe.at\/?page_id=265"},"modified":"2022-08-24T13:32:41","modified_gmt":"2022-08-24T11:32:41","slug":"veroeffentlichungen","status":"publish","type":"page","link":"https:\/\/www.feiner-wuthe.at\/?page_id=265","title":{"rendered":"VER\u00d6FFENTLICHUNGEN"},"content":{"rendered":"\n\n[et_pb_section bb_built=&#8220;1&#8243;][et_pb_row][et_pb_column type=&#8220;4_4&#8243;][et_pb_text _builder_version=&#8220;3.0.93&#8243; background_layout=&#8220;light&#8220;]\r\n<h3 style=\"text-align: center;\"><span style=\"color: #e02b20;\">Hier ein kleiner Mix aus unseren Ver\u00f6ffentlichungen!<\/span><\/h3>\r\n[\/et_pb_text][\/et_pb_column][\/et_pb_row][et_pb_row][et_pb_column type=&#8220;1_4&#8243;][et_pb_image admin_label=&#8220;EFW Generation What 1&#8243; _builder_version=&#8220;3.0.93&#8243; src=&#8220;http:\/\/www.feiner-wuthe.at\/wp-content\/uploads\/2018\/01\/1-Generation-What-und-Homofreundlichkeit-2016-06-PRIDE-152-Seite-44-45.jpg&#8220; show_in_lightbox=&#8220;off&#8220; url_new_window=&#8220;off&#8220; use_overlay=&#8220;off&#8220; always_center_on_mobile=&#8220;on&#8220; force_fullwidth=&#8220;off&#8220; show_bottom_space=&#8220;on&#8220; box_shadow_style=&#8220;preset1&#8243; url=&#8220;http:\/\/www.feiner-wuthe.at\/?page_id=6&#8243; \/][et_pb_image admin_label=&#8220;EFW CSD Parkfest&#8220; _builder_version=&#8220;3.0.93&#8243; src=&#8220;http:\/\/www.feiner-wuthe.at\/wp-content\/uploads\/2018\/01\/CSD-Parkfest-Eine-kleine-bunte-Welt-im-Grazer-Volksgarten-2016-Pantera-S.-32-33.jpg&#8220; show_in_lightbox=&#8220;off&#8220; url_new_window=&#8220;off&#8220; use_overlay=&#8220;off&#8220; always_center_on_mobile=&#8220;on&#8220; force_fullwidth=&#8220;off&#8220; show_bottom_space=&#8220;on&#8220; box_shadow_style=&#8220;preset1&#8243; url=&#8220;http:\/\/www.feiner-wuthe.at\/?page_id=6&#8243; \/][\/et_pb_column][et_pb_column type=&#8220;1_4&#8243;][et_pb_image admin_label=&#8220;EFW Generation What 3&#8243; _builder_version=&#8220;3.0.93&#8243; src=&#8220;http:\/\/www.feiner-wuthe.at\/wp-content\/uploads\/2018\/01\/3-Generation-What-und-Beziehungen-2016-10-PRIDE-154-Seite-32-33.jpg&#8220; show_in_lightbox=&#8220;off&#8220; url_new_window=&#8220;off&#8220; use_overlay=&#8220;off&#8220; always_center_on_mobile=&#8220;on&#8220; force_fullwidth=&#8220;off&#8220; show_bottom_space=&#8220;on&#8220; box_shadow_style=&#8220;preset1&#8243; url=&#8220;http:\/\/www.feiner-wuthe.at\/?page_id=6&#8243; \/][\/et_pb_column][et_pb_column type=&#8220;1_4&#8243;][et_pb_image admin_label=&#8220;EFW Generation What 2&#8243; _builder_version=&#8220;3.0.93&#8243; src=&#8220;http:\/\/www.feiner-wuthe.at\/wp-content\/uploads\/2018\/01\/2-Der-Sex-der-Generation-What-2016-08-PRIDE-153-Seite-42-43.jpg&#8220; show_in_lightbox=&#8220;off&#8220; url_new_window=&#8220;off&#8220; use_overlay=&#8220;off&#8220; always_center_on_mobile=&#8220;on&#8220; force_fullwidth=&#8220;off&#8220; show_bottom_space=&#8220;on&#8220; box_shadow_style=&#8220;preset1&#8243; url=&#8220;http:\/\/www.feiner-wuthe.at\/?page_id=6&#8243; \/][\/et_pb_column][et_pb_column type=&#8220;1_4&#8243;][et_pb_image admin_label=&#8220;EFW Gaycop&#8220; _builder_version=&#8220;3.0.93&#8243; src=&#8220;http:\/\/www.feiner-wuthe.at\/wp-content\/uploads\/2018\/01\/Ein-Gaycop-mit-Courage-Panthera-2015-S.-28..jpg&#8220; show_in_lightbox=&#8220;off&#8220; url_new_window=&#8220;off&#8220; use_overlay=&#8220;off&#8220; always_center_on_mobile=&#8220;on&#8220; force_fullwidth=&#8220;off&#8220; show_bottom_space=&#8220;on&#8220; box_shadow_style=&#8220;preset1&#8243; url=&#8220;http:\/\/www.feiner-wuthe.at\/?page_id=6&#8243; \/][\/et_pb_column][\/et_pb_row][et_pb_row][et_pb_column type=&#8220;1_2&#8243;][et_pb_text admin_label=&#8220;Ver\u00f6ffentlichungen MFW&#8220; _builder_version=&#8220;3.0.93&#8243; background_layout=&#8220;light&#8220;]\r\n<h2><span style=\"color: #e02b20;\">Michaela Feiner-Wuthe<\/span><\/h2>\r\nWenn Sie zu den Ver\u00f6ffentlichungen von Michaela Feiner-Wuthe gelangen m\u00f6chten, dann klicken sie hier f\u00fcr eine vollst\u00e4ndige Liste.\r\n\r\n[\/et_pb_text][et_pb_button admin_label=&#8220;Taste Ver\u00f6ffentlichungen MFW&#8220; _builder_version=&#8220;3.0.93&#8243; button_text=&#8220;Liste von Michaela Feiner-Wuthe&#8220; url_new_window=&#8220;off&#8220; background_layout=&#8220;light&#8220; custom_button=&#8220;on&#8220; button_icon_placement=&#8220;right&#8220; button_url=&#8220;http:\/\/www.feiner-wuthe.at\/?page_id=269&#8243; button_alignment=&#8220;left&#8220; button_text_color=&#8220;#ffffff&#8220; button_bg_color=&#8220;#e02b20&#8243; box_shadow_style=&#8220;preset1&#8243; button_on_hover=&#8220;off&#8220; \/][\/et_pb_column][et_pb_column type=&#8220;1_2&#8243;][et_pb_text admin_label=&#8220;Ver\u00f6ffentlichungen EFW&#8220; _builder_version=&#8220;3.0.93&#8243; background_layout=&#8220;light&#8220;]\r\n<h2><span style=\"color: #e02b20;\">Eberhard Feiner-Wuthe<\/span><\/h2>\r\nWenn Sie zu den Ver\u00f6ffentlichungen von Eberhard Feiner-Wuthe gelangen m\u00f6chten, dann klicken sie hier f\u00fcr eine vollst\u00e4ndige Liste.\r\n\r\n[\/et_pb_text][et_pb_button admin_label=&#8220;Taste Ver\u00f6ffentlichungen EFW&#8220; _builder_version=&#8220;3.0.93&#8243; button_text=&#8220;Liste von Eberhard Feiner-Wuthe&#8220; url_new_window=&#8220;off&#8220; background_layout=&#8220;light&#8220; custom_button=&#8220;on&#8220; button_icon_placement=&#8220;right&#8220; button_url=&#8220;http:\/\/www.feiner-wuthe.at\/?page_id=6&#8243; button_alignment=&#8220;left&#8220; button_text_color=&#8220;#ffffff&#8220; button_bg_color=&#8220;#e02b20&#8243; box_shadow_style=&#8220;preset1&#8243; button_on_hover=&#8220;off&#8220; \/][\/et_pb_column][\/et_pb_row][\/et_pb_section]\n\n","protected":false},"excerpt":{"rendered":"<p><div class=\"et_pb_row et_pb_row_0 et_pb_row_empty\">\n\t\t\t\t\n\t\t\t\t\n\t\t\t\t\n\t\t\t\t\n\t\t\t\t\n\t\t\t<\/div> Hier ein kleiner Mix aus unseren Ver\u00f6ffentlichungen! <div class=\"et_pb_row et_pb_row_1 et_pb_row_empty\">\n\t\t\t\t\n\t\t\t\t\n\t\t\t\t\n\t\t\t\t\n\t\t\t\t\n\t\t\t<\/div><div class=\"et_pb_row et_pb_row_2 et_pb_row_empty\">\n\t\t\t\t\n\t\t\t\t\n\t\t\t\t\n\t\t\t\t\n\t\t\t\t\n\t\t\t<\/div> Michaela Feiner-Wuthe Wenn Sie zu den Ver\u00f6ffentlichungen von Michaela Feiner-Wuthe gelangen m\u00f6chten, dann klicken sie hier f\u00fcr eine vollst\u00e4ndige Liste. Eberhard Feiner-Wuthe Wenn Sie zu den Ver\u00f6ffentlichungen von Eberhard Feiner-Wuthe gelangen m\u00f6chten, dann klicken sie hier f\u00fcr eine vollst\u00e4ndige Liste.<\/p>\n","protected":false},"author":1,"featured_media":0,"parent":0,"menu_order":3,"comment_status":"closed","ping_status":"closed","template":"","meta":{"_et_pb_use_builder":"on","_et_pb_old_content":"","_et_gb_content_width":"","footnotes":""},"class_list":["post-265","page","type-page","status-publish","hentry"],"_links":{"self":[{"href":"https:\/\/www.feiner-wuthe.at\/index.php?rest_route=\/wp\/v2\/pages\/265","targetHints":{"allow":["GET"]}}],"collection":[{"href":"https:\/\/www.feiner-wuthe.at\/index.php?rest_route=\/wp\/v2\/pages"}],"about":[{"href":"https:\/\/www.feiner-wuthe.at\/index.php?rest_route=\/wp\/v2\/types\/page"}],"author":[{"embeddable":true,"href":"https:\/\/www.feiner-wuthe.at\/index.php?rest_route=\/wp\/v2\/users\/1"}],"replies":[{"embeddable":true,"href":"https:\/\/www.feiner-wuthe.at\/index.php?rest_route=%2Fwp%2Fv2%2Fcomments&post=265"}],"version-history":[{"count":16,"href":"https:\/\/www.feiner-wuthe.at\/index.php?rest_route=\/wp\/v2\/pages\/265\/revisions"}],"predecessor-version":[{"id":339,"href":"https:\/\/www.feiner-wuthe.at\/index.php?rest_route=\/wp\/v2\/pages\/265\/revisions\/339"}],"wp:attachment":[{"href":"https:\/\/www.feiner-wuthe.at\/index.php?rest_route=%2Fwp%2Fv2%2Fmedia&parent=265"}],"curies":[{"name":"wp","href":"https:\/\/api.w.org\/{rel}","templated":true}]}}